mmon factor of 152793851 and 329.
329
What is the highest common factor of 1049496 and 21294?
42
What is the highest common factor of 195601878 and 3888?
486
What is the highest common divisor of 28 and 7299278?
14
Calculate the highest common factor of 512 and 71392768.
512
What is the greatest common divisor of 874925 and 2923?
79
Calculate the highest common factor of 1364479 and 87.
29
Calculate the greatest common factor of 1064 and 49061192.
152
Calculate the highest common divisor of 920 and 24065120.
40
Calculate the highest common factor of 801 and 17667.
9
What is the greatest common divisor of 219821 and 40021?
31
Calculate the greatest common factor of 27 and 633807.
9
Calculate the highest common divisor of 127709111 and 2659.
2659
What is the greatest common divisor of 74036 and 13901006?
166
Calculate the highest common divisor of 2880 and 274880.
320
What is the greatest common factor of 981248 and 48?
16
Calculate the highest common factor of 71787 and 213.
3
Calculate the greatest common factor of 7076877 and 560361.
3711
What is the greatest common factor of 26 and 11506729?
13
What is the greatest common divisor of 38412 and 307164?
132
Calculate the highest common factor of 1354 and 29282281.
677
Calculate the greatest common divisor of 27605 and 605.
5
Calculate the highest common divisor of 7175829 and 159.
159
Calculate the greatest common factor of 67402 and 1679014.
1006
Calculate the greatest common factor of 264 and 3028476.
132
Calculate the greatest common divisor of 223 and 1017103.
223
Calculate the greatest common divisor of 68049430 and 50.
10
What is the highest common divisor of 290316 and 333996?
156
Calculate the highest common divisor of 33046825 and 2545.
2545
Calculate the highest common divisor of 422310 and 730.
10
Calculate the highest common divisor of 1011 and 2717535648.
1011
What is the highest common factor of 12099 and 4667476?
37
Calculate the greatest common divisor of 327081 and 6231.
93
Calculate the highest common divisor of 193278079 and 1773.
197
Calculate the highest common divisor of 255 and 63471.
3
What is the highest common divisor of 11697023 and 39?
13
What is the greatest common divisor of 969 and 139485?
51
Calculate the highest common factor of 17771 and 9804124.
1367
What is the greatest common divisor of 70755 and 3922530?
795
What is the greatest common factor of 1195675 and 325?
325
Calculate the greatest common factor of 5928 and 166231.
247
Calculate the highest common divisor of 2856 and 36117214.
238
What is the greatest common divisor of 1780879466 and 46?
46
What is the greatest common factor of 4770 and 740327850?
4770
What is the highest common factor of 27 and 29792988?
27
Calculate the highest common divisor of 510926020 and 20.
20
Calculate the highest common divisor of 513916 and 14261.
13
What is the greatest common factor of 1539413 and 3128?
23
What is the greatest common factor of 60 and 1999824?
12
What is the greatest common factor of 966576 and 550992?
624
Calculate the greatest common factor of 15469 and 29.
1
Calculate the highest common factor of 716593075 and 209.
209
What is the greatest common factor of 351 and 7627851?
27
Calculate the highest common divisor of 142528 and 247852.
524
What is the highest common divisor of 445757656 and 24?
8
Calculate the greatest common divisor of 7263 and 36128852.
269
What is the highest common factor of 8627396 and 6?
2
What is the highest common factor of 23467431 and 89?
89
Calculate the highest common divisor of 32978 and 34327100.
2998
Calculate the highest common divisor of 16543 and 125599.
71
Calculate the highest common factor of 3340 and 619625.
5
What is the highest common factor of 3875 and 3079850?
775
Calculate the greatest common factor of 2100 and 1729392.
84
What is the greatest common factor of 17 and 142606659?
17
Calculate the greatest common divisor of 348574 and 22.
2
What is the greatest common divisor of 2709 and 12661479?
387
What is the highest common divisor of 2517 and 55351347?
2517
What is the highest common divisor of 6498075 and 12?
3
What is the highest common divisor of 53768318 and 1118?
86
Calculate the greatest common factor of 235572 and 25728.
804
What is the greatest common divisor of 458 and 217754497?
229
Calculate the highest common divisor of 310 and 1495116050.
310
Calculate the highest common factor of 2328 and 53068506.
582
Calculate the highest common factor of 9024 and 1972032.
192
What is the greatest common divisor of 975780 and 39780?
2340
What is the highest common divisor of 41152 and 884?
4
Calculate the highest common divisor of 184 and 11750447.
23
Calculate the greatest common factor of 638797192 and 8.
8
What is the greatest common factor of 6160657 and 553?
79
What is the greatest common factor of 1762747 and 5831?
119
What is the highest common factor of 65351020 and 110?
10
What is the highest common divisor of 10019036 and 5684?
116
Calculate the highest common divisor of 13 and 57279001.
13
What is the greatest common divisor of 71410040 and 178?
178
Calculate the highest common factor of 8843 and 67819357.
239
What is the highest common factor of 14130 and 1779595?
785
What is the highest common divisor of 44 and 532460291?
11
What is the greatest common factor of 6597301 and 22927?
227
What is the greatest common factor of 891 and 1563045?
33
Calculate the greatest common factor of 13494726 and 1008.
126
What is the highest common factor of 51350 and 433394?
2054
What is the highest common factor of 26589853 and 369?
41
Calculate the greatest common factor of 26 and 434791032.
26
What is the highest common factor of 457245 and 38853?
27
What is the highest common factor of 1047846 and 1632?
102
What is the highest common divisor of 22096 and 24040?
8
What is the greatest common factor of 7462 and 116119913?
3731
What is the greatest common factor of 59793 and 577410?
57
Calculate the highest common divisor of 20771688 and 216.
24
Calculate the highest common divisor of 1842596 and 6320.
316
Calculate the greatest common factor of 51041 and 210313.
43
Calculate the highest common divisor of 1872 and 3600363.
39
What is the highest common divisor of 145604697 and 5313?
483
What is the greatest common factor of 211145 and 28919?
121
What is the greatest common factor of 52 and 12767092?
52
What is the highest common factor of 973280 and 36520?
440
What is the greatest common factor of 1852816 and 6958?
994
What is the greatest common factor of 194 and 14105449?
97
What is the highest common factor of 16190919 and 89131?
1819
Calculate the highest common factor of 181522765 and 335.
335
What is the greatest common divisor of 1472416 and 5136912?
8272
What is the highest common factor of 26779 and 13630072?
439
Calculate the greatest common divisor of 50224 and 2519376.
1168
Calculate the highest common factor of 129 and 26316215.
43
What is the highest common factor of 46413 and 50787?
243
Calculate the highest common divisor of 22 and 84614376.
22
Calculate the highest common factor of 5095 and 1172820.
5
What is the greatest common factor of 52855600 and 28?
28
Calculate the highest common factor of 6210236 and 271.
271
What is the greatest common divisor of 2528060 and 9840?
820
Calculate the greatest common divisor of 83 and 1254424733.
83
Calculate the greatest common divisor of 535 and 440198.
107
What is the highest common factor of 90591392 and 30932?
2812
Calculate the highest common factor of 467246 and 76232.
26
What is the greatest common factor of 23542 and 89102?
298
What is the greatest common divisor of 42 and 106942857?
21
Calculate the greatest common factor of 11192454 and 630.
126
Calculate the greatest common factor of 58040723 and 329.
47
Calculate the highest common factor of 35335482 and 84.
42
What is the highest common divisor of 7600 and 2172400?
400
Calculate the highest common factor of 660 and 71044710.
330
What is the highest common divisor of 656 and 33456656?
656
Calculate the highest common factor of 3553662 and 882.
42
Calculate the highest common divisor of 52 and 15736656.
52
What is the greatest common factor of 6 and 207421794?
6
Calculate the highest common factor of 8099303 and 15618.
137
Calculate the high